
100
What is 39 - (-13 - -17 - -27 - 23)?
31
Evaluate -187 - -182 - (2 + -3 + -1 - 45).
42
Calculate (9 - (35 + -38)) + -44.
-32
Calculate 14 + -1 - (-13 + 38 + -10) - 7.
-9
Evaluate (-12 - -133) + (-7 - -1) + (2 + 22 - 24).
115
What is (3 - 1) + -47 + 16 + -29 + 17 + -7?
-48
What is the value of (-5 + 7 - 10) + 4 + -5 + 2 + 19?
12
What is 34 + -15 + -12 + -16?
-9
What is the value of -3 - -1 - (-40 - -30) - (42 - -10)?
-44
What is the value of (46 - (-14 - (-23 + -6))) + 61?
92
Evaluate 42 + -125 + 41 - -65.
23
Calculate -85 + (3 - -29) + 15.
-38
19 + -6 + 22 + (92 - 111)
16
Calculate -5 - (0 - (2 + 3)) - (52 - 27).
-25
What is -297 - (-10 - (-114 - -256))?
-145
What is -18 - (45 + -31 + -22) - (1 + (2 - 1))?
-12
Evaluate 154 + -59 + -31 + 9 + -1 + 0 + -1.
71
What is the value of (-3 + 19 - (37 + -43) - -24) + -13?
33
Evaluate 28 - ((-161 - -100) + 161).
-72
What is -1753 + 1781 + -17 + 0?
11
What is the value of 2 + -2 + (-86 - 29) + 25 + (-42 - -40)?
-92
Calculate (-23 - (-20 - 9)) + -16 - (21 + -1).
-30
What is the value of -88 + 105 - 28 - (0 + -5)?
-6
What is -1 + 6 + (-10 - (21 + 5 + -4) - -9)?
-18
What is 154 + -197 + (2 - 4) + (0 - 4)?
-49
What is (-5 + (23 - 19) - (0 + -3)) + 4?
6
Calculate 7 - (-26 + 1 + -2) - 20.
14
What is -2 - -208 - 164 - (2 - -187)?
-147
Calculate 498 - 487 - (-5 + 4 - (1 + 21)).
34
What is the value of (-121 - -53) + 82 - (0 + 0 + -23)?
37
What is -43 + 161 - -12 - 101?
29
Calculate 165 - 148 - (-9 - 3).
29
-17 - ((43 - 62) + 13 + -6)
-5
Evaluate 3 + (2 - -13) + (-27 + 39 - 21).
9
(-1 - 28) + 4 + (116 - 100)
-9
What is 28 - (-2 - -16 - 75)?
89
What is -23 + (141 - (110 - 74))?
82
(6 - 42) + -8 + 2 + (-13 + 33 - 7)
-29
What is 37 + (0 + -33 - (-786 + 721))?
69
What is 36 - -2 - (-17 - 16 - -58)?
13
What is the value of (-6 - -211) + (-92 - -9)?
122
Evaluate 3 + -3 + (5 - 14) + -3 + -34.
-46
Evaluate (-23 + -24 - -11 - -15) + -100.
-121
39 - (-2 - (14 + (-15 + 12 - 2) + -10))
40
(-41 - 2) + -3 - (21 - (-27 - -52))
-42
49 - 56 - (9 + 1 + -6 + 4) - 8
-23
Evaluate (-297 - -301) + (-41 - -1 - (-16 + 17)).
-37
1226 + -1245 + (17 - 0) + -1 + (10 - -4)
11
Calculate 3 - (-1 + 68 - 13 - (6 + -3) - 7).
-41
What is the value of (-17 - -27) + (32 - 60 - -111)?
93
What is the value of -1381 - -1372 - (-3 - (33 - 2 - -1))?
26
(58 - 106 - 2) + -48
-98
What is (37 + -60 - -69) + 2 - 35?
13
What is 2 - (-2 - -25) - (66 + -39)?
-48
What is 3 + 83 + -47 + 0?
39
682 + -702 + (2 - 56)
-74
What is the value of -88 + 146 + -67 - 11?
-20
What is (11 - 1) + 20 - (-15 + -7)?
52
What is -5 - (68 - (99 - 38) - (2 - 5))?
-15
Evaluate (5 - (-6 + 5)) + (7 - (-4 + -8 + -34)).
59
Calculate -2864 - -2836 - (-33 + 2).
3
8 + (-5 - (2 + -12)) + (-3 - 4) + -4
2
Calculate (2 - -20) + (-4 - (14 - 3 - (-9 + 21))).
19
(10 - (1 + 1) - (16 + 3)) + -69
-80
What is -44 + 26 + -20 + 28?
-10
Calculate -52 + (18 - -32) - 54.
-56
12 + (-67 - (78 - 48) - (-7 + 3 - 4))
-77
0 + (15 + -3 - -10 - -1) + -2
21
(-13 - ((-6 + 10 - 2) + (-19 - -9))) + 59
54
What is 2 + -4 + 14 + 19 - -31?
62
-35 + 15 + 18 + 24 + 9
31
What is the value of (21 - (18 + 15 + 2)) + -22?
-36
Calculate -102 - (1 + 35 + 10 + -54 + 26).
-120
What is the value of (57 - -68) + -66 + (9 - -1)?
69
What is the value of -70 + (-4 + (13 - -9) + -8 - 19) + -10?
-89
Evaluate 25 + (15 - -2 - 70) - 15.
-43
Calculate 0 + 0 + (-37 + -4 - (-26 - -17)).
-32
Evaluate -39 - (11 + -59 + 23 + 38).
-52
What is the value of (22 - (-1 + -5)) + (1039 - 1126)?
-59
What is the value of (19 - 45) + -21 + 33 + -48?
-62
What is the value of (-10 - (14 + -19)) + 0 + 8 + 10?
13
What is 5 + 2 - -2 - (33 + 125 - 124)?
-25
What is the value of -3 + 5 + (17 + -6 + 3 - (-14 + 3))?
27
What is -193 + 205 + -12 + -10?
-10
Evaluate 52 + 11 + -29 + -5.
29
Evaluate 35 + -63 + 35 + -9 + -9.
-11
264 + -277 - (85 + -29)
-69
Calculate -30 + -25 + 11 + 8 + 48.
12
(-49 - -47 - 28) + 8
-22
Calculate -80 + 84 + -68 + 33.
-31
(16 - (94 - 71)) + (-4 - -2)
-9
What is 376 + -367 - (1 + 120 + (-5 - -3))?
-110
What is -2468 + 2461 - (39 - (5 + -3))?
-44
Evaluate -23 + (16 - -23) + (-9 - -78).
85
What is 5 - (-5 + -7 + -19) - (0 - (-2 - -10))?
44
Calculate 2 - (-26 + 31 - (5 + -20) - -66).
-84
What is -17 + 4 + -14 + -7 + (18 - 14)?
-30
Calculate -7 + 7 + -1 - -19 - -10 - -10.
38
Calculate 14 - (7 - (-5 + 3) - (445 + -435) - -16).
-1
What is the value of 103 - 9 - 107 - 97?
-110
(-98 - -3) + (53 + -55 - (-5 - (1 - 2)))
-93
Calculate -1 + 2 + 30 - (-9313 + 9263).
81
What is (13 - (10 - 16) - 34 - -33) + 44?
62
What is -3 + -32 + -7 + 18 + -15 + 5?
-34
Calculate -525 - -494 - (-1 - 17).
-13
(233 - (449 - 219)) + (-2 + -1 + 3 - 0)
3
Evaluate (-10 - (-8 - -6 - -6)) + 15 + (-37 - -16).
-20
What is the value of 6 + 1 - (45 - 66 - -19)?
9
-2 + 8 + -12 + -61 - (28 + -27)
-68
What is 0 + 2 + -11 + (1 - 7 - -1) + 1?
-13
Evaluate 6 - (-11 + 29 + -15) - -48.
51
Evaluate 3820 - 3795 - (-2 + 29 + 0).
-2
Calculate 8 + (-53 - (-64 - 8)).
27
34 - (25 - -46) - (4 + 1)
-42
Evaluate 84 + (12 - 10) + -23 + -9.
54
Calculate -96 - (-4 + (1 + -6 - (42 + -15 - 38))).
-98
Calculate 27 + (-8 - 16) + 1 + -18.
-14
What is the value of 45 + (20 + -17 + -6 + (7 - 2) - -11)?
58
What is 30 + (19 - (44 + -35) - 99)?
-59
What is the value of -215 + 161 + (1 - -36)?
-17
What is (-3 - 1 - -46) + (-990 - -976)?
28
What is 67 - 171 - 118 - -127?
-95
What is 69 - -53 - 169 - (25 - -1)?
-73
Calculate 6 + -2 - ((-19 - -21) + -4 + 3).
3
What is 1 - -73 - (-6921 - -6991)?
4
-4 - (0 + 35) - ((246 - 231) + (0 - 6))
-48
Evaluate (8 - (-2 + 5 - (14 + -16))) + 66 + -1.
68
What is the value of -81 + 96 - (-9 + (-3 - 8))?
35
(3 + 0 + -2 - 30) + (79 - 11) + -65
-26
(-269 - (-313 - -66)) + (0 - -85)
63
What is the value of 147 + -147 - (-3 + -1 + 24 + -3)?
-17
Calculate -84 + (0 - -22) + 30 + -63 + 21.
-74
-7 + 16 - 5 - (5 + 3 - 76)
72
What is the value of -22 + 22 + (199 - 178)?
21
Calculate -29 + (36 - 15 - 8 - 41).
-57
Calculate 22 + -1 + 2 - (-1 + 2) - (5 + -3).
20
Calculate -10 + (-14 - 0 - (5 + -52 + 34)) - 11.
-22
What is 17 + (19 - 14) + -12 + 91?
101
What is 7 - 3 - (-78 + -19 + 15 + 13)?
73
(-3766 - -3802) + 1 + (-2 - 4)
31
What is the value of 9 - (4 + 26 + 27)?
-48
(2 - 9) + (-26 - (-60 - -29))
-2
Evaluate (1 - -1 - -11) + -80.
-67
18 + (-13 - (-2 - (-5 + -16)))
-14
Calculate -35 - (-30 + -16) - (24 + (-1 - -4)).
-16
Evaluate 583 + -557 + (20 - 2).
44
What is the value of -13 - 31 - (189 - 190)?
-43
Calculate -22 + 9 - (5 + 3) - (-5 - -4).
-20
Evaluate (30 + 62 - 172) + 95.
15
Evaluate 25 - (-2 + (-34 - (-141 + -11))).
-91
Evaluate 3 + ((-24 - -1) + (-35 - -32) - (0 + -8)).
-15
What is the value of (59 + -41 - 12) + -34?
-28
What is -128 + -19 + (109 - 45)?
-83
Evaluate -17 + -3 + -8 + (-50 - -67) - (0 + -17).
6
What is 5 + (40 - 28) + 51 + 8?
76
Evaluate 39 - (28 - (11 + (-7 - -9))).
24
What is -32 + -20 + 46 + -20?
-26
What is the value of -611 + 804 + (-111 - 15)?
67
What is -23 + (9 - 30 - (-52 + -35))?
43
Calculate (22 - (17 + -35 - -22)) + -14.
4
What is the value of (11 - 19) + (-2 - -13) - (-10 - -34)?
-21
What is the value of (0 - -8) + -5 + -8 - (-14 + 46)?
-37
(-306 - (-202 - 76)) + (1 - 3)
-30
(-4 - -41 - (-7 + 37)) + 6
13
Evaluate -26 - (-7595 - -7593 - (-1 - (8 + 0 - 0))).
-33
What is the value of (-52 - (92 + -16)) + 31?
-97
Calculate 7 + -29 + 56 + -4.
30
Evaluate (-72 - -134 - 33) + -33.
-4
(11 - 62) + 87 + -67
-31
22 - (19 - -15) - -22 - 68
-58
What is (-38 - 34 - -66) + (1 + -3 - -52)?
44
Evaluate -34 + 29 + -3 + 6 + -6 + 8.
0
9 + 1 + 26 + (-4 - -1 - 15)
18
Evaluate -19 - ((-66 - -84) + 74).
-111
Evaluate 31 + (59 - (33 - -3)) + (4 - 2) + -8.
48
Evaluate 8 + (-59 + 45 - (18 + -28)).
4
Evaluate 55 - (-18 - (-81 + 21)).
13
What is the value of -3 + 5 + (2 + -1 + 2 + 65 - 9)?
61
Calculate -9 + 18 + -3 + (-10 - -1) + -5.
-8
What is the value of 4594 + -4595 - (5 + -7 + (-13 - 1))?
15
Calculate 5 + (-1 - -8 - (-21 + (45 - (11 - -6)))).
5
What is -16 + (-39 + 25 - ((-38 - 1) + 3))?
6
What is the value of (59 - 75) + 113 - 16?
81
Evaluate -1 + 1 - (-89 + 2) - (74 + -86 - -18).
81
-2 + -77 - (-509 + 467)
-37
Evaluate 0 - -1 - 28 - (-4 + 81 + -91).
-13
Calculate 11 + -34 + 0 - (-40 - -6).
11
What is 400 + -396 + (40 - 0)?
44
What is the value of (-9 - 4) + (25 - (-66 - -197))?